e units digit of (2/(-2))/(35/(-18445))?
7
Let l = 111 - -102. Let w = 414 - l. What is the hundreds digit of w?
2
Suppose -2*m - 616 = -4*m. What is the tens digit of m?
0
Let u be -8*(-4)/(-8)*-1. Suppose 140 = 3*h - 0*h + 2*g, u*h + 4*g - 188 = 0. What is the tens digit of h?
4
Suppose 5*o = 6*o. Suppose 2*c - 14 + 36 = o. What is the tens digit of c/(30/(-9) + 3)?
3
What is the hundreds digit of 3126 - ((0/(-3))/(-6) - 6)?
1
Suppose 2*k + 5*c - 10*c - 4960 = 0, 2*k + 2*c - 4932 = 0. What is the tens digit of k?
7
Suppose 0 = 2*h + 2*h - 12. Suppose -a = -h*a + 10. Suppose -j = -5*y - 36, 5 = -a*y - 0. What is the tens digit of j?
3
Let y = 780 + 344. Suppose -10*n = -y - 1036. What is the units digit of n?
6
Let c(d) = -d**3 + 3*d**2 + d + 1. Let y be c(3). Suppose -31*s + 39*s - 120 = 0. Let h = y + s. What is the tens digit of h?
1
Let i(y) = 18*y + 25. Let d = 17 + -11. What is the units digit of i(d)?
3
Suppose 5 = w + 11. Let i be (-62)/(-12) + w/36. Suppose -6 = i*c - 71. What is the units digit of c?
3
Let n(a) = -a**3 - 3*a - 2. Let o be n(-1). What is the tens digit of (2/6)/(o/264)?
4
Let r(i) = -i**3 + 13*i**2 - 13*i + 14. Let l be r(12). Suppose -4*h - l*o = -56, -4*h = -2*h - o - 28. What is the units digit of h?
4
Let c(u) be the third derivative of u**5/60 - 5*u**4/24 + 2*u**3/3 - 23*u**2. What is the tens digit of c(-4)?
4
Let m = 5018 - 3540. What is the hundreds digit of m?
4
Suppose m + 3 = 2*m. Suppose 0 = -5*w, 0*w = -m*r - 2*w + 72. Suppose -r = -j + 29. What is the units digit of j?
3
Let d = 27 - 73. What is the tens digit of ((-118)/(-8) - -1)/(d/(-184))?
6
Let v(b) = 39*b**3 - b + 1. Suppose 2*i - i - 1 = 0. Let r be v(i). Suppose 0 = 7*c - r - 276. What is the tens digit of c?
4
Let m(q) = -2*q**3 + 13*q**2 - 5*q + 20. What is the units digit of m(-8)?
6
Let v = 76 - 14. Suppose 5*p + v = -2*d, -4*d + p - 96 = 4*p. Let s = d - -79. What is the units digit of s?
8
Let x = -33 + 35. What is the units digit of (x/8)/((-1)/(-28))?
7
Let q = 70 + 581. What is the hundreds digit of q?
6
Suppose 2960 = -72*a + 80*a. What is the units digit of a?
0
Let g(m) = m**3 + 5*m**2 - 84*m - 2. What is the tens digit of g(13)?
4
Suppose q - 734 = -z, -10*q - 2*z = -15*q + 3635. What is the hundreds digit of q?
7
What is the hundreds digit of 4/(-14) - (-4 - 85519/49)?
7
Let b = 38 + -35. Suppose -128 = b*d - 1010. What is the units digit of d?
4
Let b(c) = c**2 - 7*c - 1. Let m(f) = -2*f**3 - 6*f**2 + 7*f - 1. Let w be m(-5). Suppose 2*o - w = -2*o - 3*r, 3*r - 51 = -3*o. What is the tens digit of b(o)?
7
Suppose -5*w = -4*w - 25. Suppose -h - 4*h + w = 0, -3*i = -h - 112. What is the units digit of i?
9
Let u be (2 - 4)*25/(-2). Let v be ((-10)/u)/(1/10). Let i = v + 28. What is the tens digit of i?
2
Suppose 0 = -h + 4*z + 439 + 91, -2*z - 1570 = -3*h. What is the units digit of h?
2
Let o = -62 - -72. What is the hundreds digit of (-9)/3 - o*25/(-2)?
1
Let v = 621 + 37. What is the hundreds digit of v?
6
Let p be 2/(-8) + ((-675)/12)/(-9). Let k(n) = n**3 - 11*n + 13. What is the units digit of k(p)?
3
Suppose -2051 = -6*o + 409. What is the hundreds digit of o?
4
Suppose 7*y - 30 = 6*y. Let k be ((-2)/(-10))/(6/y). Let z(v) = 15*v**3 - v. What is the units digit of z(k)?
4
Let b = -357 + 867. Suppose 10*t - 150 = b. What is the units digit of t?
6
Let z(j) = -7*j + 20. Let t be z(-13). Let s = t - 44. What is the units digit of s?
7
Let l = -61 + 68. What is the units digit of 6/(-42) + ((-3237)/l)/(-3)?
4
Let x(a) = -318*a - 230. What is the thousands digit of x(-5)?
1
Let w = -4963 + 6973. What is the units digit of w?
0
Suppose 4*k + 2 = 18. Suppose 145 = 4*s - s - 4*t, k*s - 186 = -2*t. What is the units digit of s?
7
Let d = 67 + -49. Let v = 35 + d. What is the units digit of v?
3
Suppose 704 = -67*o + 71*o. What is the units digit of o?
6
Suppose -2*a = -0 - 6. Suppose -2*u - u + 6 = -a*o, 3*u = o + 8. Suppose 2*b - u = 13. What is the units digit of b?
8
Let j be (-7 - (1 - 5)) + 1. Let o be 1 - (18/(-3) - j). Suppose i - 4*i - 4*s + 66 = 0, o*i - 115 = -5*s. What is the units digit of i?
6
Suppose 174 = -j + 54. Let z = j - -287. What is the units digit of z?
7
Suppose -4*l - 129 + 9 = -2*w, -3*l = -4*w + 255. Suppose -2*f + 4*a = -126, -f - 9 = -4*a - w. Suppose -4*o = -o - f. What is the units digit of o?
3
Let d(w) = 0*w**3 - 8*w**2 + 0*w**3 + w**3 - 8*w - 2*w**3 + 8. What is the units digit of d(-7)?
5
Suppose 3*r - a = 9, 2*a = 5*r - 3*a - 15. Suppose r*k + 332 = 7*k. What is the tens digit of k?
8
Suppose -5*v - 4*t - 41 = -t, -9 = -3*t. Let a = 13 + v. Suppose -a = -b - 1. What is the units digit of b?
2
Suppose 62 = 4*z + 6. Let r = 18 - z. Suppose -88 + 8 = -r*u. What is the units digit of u?
0
Let s(g) = -13*g**3 - 17*g**2 + 30*g + 1. What is the units digit of s(-7)?
7
Let t(l) = 9*l - 5. Suppose -5*n + 3 = 3*x, -x - 4*n + n = 3. What is the tens digit of t(x)?
4
Let i(m) = -12*m + 10. Let b be 2/6 - (-56)/(-24). What is the units digit of i(b)?
4
Suppose -2*m + 268 = 2*m. Let d = m + -23. What is the tens digit of d?
4
Let w = 1945 - 1019. What is the units digit of w?
6
Let q(x) = -x**2 + 6*x - 3. Let a be q(5). Suppose -3*c + b = -122, 4*c - a*b = 8*c - 166. What is the tens digit of c?
4
Let v = 167 - 87. Suppose -v = -7*s + 2*s. What is the tens digit of s?
1
Suppose -s = 3*s + 4*u + 228, 2*u + 10 = 0. Let i = s - -61. What is the units digit of i?
9
Suppose -309*k + 448 = -305*k. What is the hundreds digit of k?
1
Let f(k) = k**2 - 4*k - 7. Let p be f(7). Suppose -5*l - p = -129. What is the tens digit of l?
2
Let d(n) = 3*n**3 - 5*n**2 + 3*n + 8. Let z be d(-4). Let o be (-4)/3*z/8. Suppose 2*p - 36 = 2*w, 0 = -3*p + 5*w + o + 12. What is the tens digit of p?
1
Let x = -16 - -34. Let h = x - 26. What is the units digit of (5 + 3)*(-30)/h?
0
Let r = 31 - 31. Suppose -2*f + 83 = 3*d, r*f - f + d + 44 = 0. What is the tens digit of f?
4
Let y be (-2)/1*(-39)/2. Suppose -6*m - 3 = -y. Let o(n) = 4*n + 1. What is the units digit of o(m)?
5
Let g = 23 + -83. Let s = g - -111. What is the tens digit of s?
5
Suppose -478 = -2*n - j, 52*n + 4*j = 47*n + 1195. What is the units digit of n?
9
Let l(p) = p**3 + 9*p**2 + 5*p + 6. Let a be l(-6). Suppose -t = -3*t + a. What is the units digit of t?
2
Let f = 53 + -125. Let j = 42 - f. What is the hundreds digit of j?
1
Let q = -41 - -765. What is the hundreds digit of q?
7
Let d = 29 + 146. Suppose 0 = -6*x + d + 17. What is the units digit of x?
2
Suppose 2*o + 0 = 3*l - 15, 2*l + 22 = -4*o. Let a = o - -10. What is the units digit of -1*1*(-13 - a)?
7
Let n(k) be the first derivative of 4*k**2 + k + 8. What is the units digit of n(6)?
9
Let z(l) = -179*l + 0 - 12 + 200*l. What is the units digit of z(5)?
3
Suppose o = -4*t + 2*t + 11, 2*o = -5*t + 22. What is the tens digit of o?
1
Let r be (0 - -4)*(-9)/4. Let c be 3/(2*r/(-12)). Let z = c + 10. What is the tens digit of z?
1
Let z(l) = 81*l**2 - 12*l + 24. Let b(h) = -20*h**2 + 3*h - 6. Let o(x) = -9*b(x) - 2*z(x). What is the units digit of o(2)?
2
Let r = 29 + -27. Suppose s = -r*k + 95, 3*k + 3*s = k + 93. Suppose 3*d - 159 = -k. What is the tens digit of d?
3
Let y be 2 - 4/12*3. Suppose w - 3 = y. What is the units digit of w - (-48)/(1 + 2)?
0
Suppose -7428 - 4790 = -2*b. What is the tens digit of b?
0
Suppose -a + 139 + 34 = -2*k, 2*a + 3*k - 374 = 0. Let s = -115 + a. What is the units digit of s?
6
Suppose 5*c + 4*p = 36, 1 = -c + 5*p - 15. Let v(m) = 5*m + 1 - 2 + 3 - 4. What is the units digit of v(c)?
8
Let m = 3654 - 849. What is the units digit of m?
5
Let q(h) be the first derivative of -3/2*h**2 + 4 - h. What is the units digit of q(-9)?
6
Let i be -2*(-3 + -3 + 0). Let h = i + -29. Let w = -6 - h. What is the units digit of w?
1
Suppose -21*q = -24*q - 18. Let v(x) be the third derivative of -x**6/120 - x**5/12 + x**4/24 - 2*x**3/3 - x**2. What is the units digit of v(q)?
6
Let y(b) = -b**3 - 14*b**2 - 14*b - 11. Let v be y(-13). Suppose 93 = 3*l - v*l - 4*n, -3*n = l - 121. What is the tens digit of l?
0
Let s(x) = -4*x + 3*x + 3*x - 3 + x**2 - x. Let r be s(2). Let k(c) = c + 3. What is the units digit of k(r)?
6
Suppose 3*u - 15 = 0, 0*u - 9 = 4*w - 5*u. Suppose -w*f - 2*y = -y - 1, -3